ber?
False
Is 750811969 a composite number?
False
Is 223776199 a composite number?
False
Is 8628600569 a prime number?
False
Is 3270014587 composite?
True
Is 508937777 composite?
True
Is 5387669779 composite?
False
Is 4900408159 prime?
True
Is 9863612611 composite?
True
Is 18569690317 composite?
False
Is 4783524479 composite?
False
Is 7893277187 a prime number?
True
Is 662764607 composite?
False
Is 3373551881 a prime number?
False
Is 6711001727 a prime number?
True
Is 1532061653 a prime number?
True
Is 6330019511 a prime number?
False
Is 1051655351 a composite number?
False
Is 40243927 a prime number?
True
Is 54434870837 a prime number?
True
Is 2239430929 a composite number?
True
Is 28137017345 a composite number?
True
Is 18820559609 a prime number?
False
Is 614997811 prime?
False
Is 3616313563 composite?
True
Is 4673867867 a prime number?
False
Is 801065323 a prime number?
False
Is 23047985 prime?
False
Is 564283693 prime?
False
Is 418696502017 a prime number?
False
Is 844691783 composite?
True
Is 800536339 a prime number?
False
Is 56588233523 a prime number?
False
Is 11178714863 a composite number?
True
Is 467827795 prime?
False
Is 3911813167 composite?
False
Is 2674918783 composite?
False
Is 8865773869 a prime number?
True
Is 151796291 a composite number?
False
Is 240011097191 a prime number?
True
Is 1392106279 a composite number?
False
Is 456702679 composite?
True
Is 621002071 a prime number?
False
Is 361040047 composite?
False
Is 3695548141 prime?
True
Is 793343627 prime?
True
Is 5135492189 prime?
True
Is 480479143 a composite number?
True
Is 34289719 a prime number?
True
Is 8405832074 composite?
True
Is 1589539405 a prime number?
False
Is 716765449 prime?
False
Is 29703152581 prime?
True
Is 1298985841 composite?
True
Is 79279813 composite?
False
Is 334117213 prime?
True
Is 318982312661 prime?
True
Is 2336586547 composite?
False
Is 46072419901 a composite number?
False
Is 2892562445 prime?
False
Is 82985753 a prime number?
True
Is 4197242393 composite?
False
Is 413209241 composite?
False
Is 5019970607 a prime number?
True
Is 140849689 a prime number?
True
Is 6239172733 prime?
True
Is 57595646809 composite?
False
Is 3656171791 a prime number?
True
Is 166299514385 a composite number?
True
Is 7980623317 a composite number?
True
Is 6993394777 a prime number?
False
Is 142580593 a prime number?
True
Is 84680413 prime?
False
Is 52502732047 a prime number?
False
Is 30904253 composite?
False
Is 97326066307 a composite number?
False
Is 2542959141 composite?
True
Is 19476689039 a composite number?
False
Is 247460671 a prime number?
False
Is 11909087 a prime number?
False
Is 4758060415 composite?
True
Is 121944497 prime?
False
Is 3548301761 composite?
True
Is 340405369 a composite number?
False
Is 2223161467 prime?
False
Is 5663190061 a composite number?
True
Is 170575637959 a prime number?
False
Is 1163954141 a composite number?
True
Is 3646875187 composite?
False
Is 9663366269 a prime number?
True
Is 44565561233 composite?
False
Is 9420769313 prime?
True
Is 23825561189 a composite number?
True
Is 25353144997 prime?
False
Is 374995919 composite?
False
Is 1148167997 a composite number?
False
Is 147346291 composite?
False
Is 5275431923 a composite number?
True
Is 161398821919 composite?
False
Is 7475326007 composite?
False
Is 953837029 a composite number?
False
Is 28237124639 composite?
False
Is 42233612081 composite?
False
Is 145534619 composite?
False
Is 3550211507 prime?
False
Is 15516338737 prime?
False
Is 5163724837 a prime number?
False
Is 32338805819 a prime number?
False
Is 491517816661 a composite number?
False
Is 24493198139 a composite number?
False
Is 2550818027 a prime number?
True
Is 349388311 composite?
True
Is 1832798069 composite?
False
Is 1889663257 a prime number?
False
Is 85403621981 a prime number?
False
Is 1986686749 a composite number?
False
Is 45922955959 a composite number?
False
Is 160616605949 a composite number?
False
Is 362953429 a composite number?
True
Is 460140641 prime?
True
Is 323279557 a prime number?
True
Is 3708547721 prime?
True
Is 21767029 composite?
False
Is 1101225001 prime?
False
Is 90552611579 a prime number?
True
Is 111211636231 a prime number?
True
Is 79806644065 a composite number?
True
Is 1908679337 composite?
True
Is 579181639 a prime number?
True
Is 125571563837 composite?
False
Is 3890945293 a prime number?
True
Is 379193989 a composite number?
False
Is 371523719 a composite number?
True
Is 3955346729 a composite number?
True
Is 7712347441 a prime number?
True
Is 2274639613 prime?
False
Is 4138376849 prime?
True
Is 2955050311 composite?
False
Is 547802803 a prime number?
True
Is 2500476149 a composite number?
False
Is 7290795019 prime?
False
Is 73267427 composite?
True
Is 24183586637 composite?
True
Is 14435526067 a composite number?
False
Is 11929759861 a prime number?
True
Is 10319158351 composite?
True
Is 129825904315 a prime number?
False
Is 138491429 composite?
True
Is 1108904743 prime?
False
Is 15130553 a composite number?
False
Is 9822489949 a composite number?
False
Is 2551782983 prime?
False
Is 948947057 composite?
True
Is 2042686801 a prime number?
False
Is 238452337 prime?
False
Is 31560855593 a prime number?
False
Is 756514789 composite?
True
Is 17979504497 a prime number?
False
Is 2359039273 a composite number?
False
Is 1898437111 a prime number?
False
Is 228829057 prime?
False
Is 276916531 a prime number?
True
Is 594911293 a composite number?
True
Is 96854851 a prime number?
True
Is 4762817867 prime?
True
Is 2627360399 prime?
False
Is 163372240837 a prime number?
False
Is 762498791 composite?
True
Is 16181460123 a prime number?
False
Is 1463094599 a composite number?
True
Is 1126637257 composite?
False
Is 1276758719 a composite number?
False
Is 7901395121 prime?
True
Is 23097819971 a prime number?
False
Is 40968093193 prime?
True
Is 31344250037 a prime number?
True
Is 8977952699 a prime number?
False
Is 4576482889 composite?
True
Is 6843222859 prime?
False
Is 29769466777 composite?
True
Is 1380209331 composite?
True
Is 6897399241 a composite number?
False
Is 26879360069 a composite number?
False
Is 66397539331 a composite number?
False
Is 1849744389 a prime number?
False
Is 189527003 a composite number?
True
Is 1701348907 a prime number?
True
Is 23886718109 prime?
False
Is 52600134163 prime?
False
Is 1009995169 composite?
True
Is 11878931479 composite?
False
Is 25136236285 a prime number?
False
Is 27354316013 a composite number?
False
Is 4513846327 a prime number?
False
Is 52121859073 a composite number?
True
Is 317219329 a composite number?
True
Is 2896008069 a composite number?
True
Is 238464665 composite?
True
Is 20632908929 a composite number?
True
Is 7284274651 prime?
True
Is 21052138259 a composite number?
True
Is 53780147873 a prime number?
True
Is 9245301887 prime?
True
Is 27013807 a prime number?
False
Is 8224980107 prime?
False
Is 75828145949 composite?
False
Is 184819493 composite?
True
Is 5133208097 a composite number?
True
Is 446775533 a prime number?
True
Is 109194342289 composite?
False
Is 30231407 a prime number?
False
Is 7849523179 a composite number?
True
Is 109184879 prime?
True
Is 57236498747 a prime number?
True
Is 20488704767 a prime number?
True
Is 2750131777 composite?
True
Is 17021028091 a prime number?
True
Is 47429154737 prime?
True
Is 1926242849 prime?
True
Is 1211353247 composite?
True
Is 702984721 a prime number?
True
Is 1579192231 composite?
False
Is 1010305333 a prime number?
True
Is 6480818093 composite?
False
Is 1589109503 a prime number?
False
Is 802782361 a prime number?
False
Is 44294639507 a composite number?
False
Is 54066277 prime?
False
Is 8896390471 a prime number?
True
Is 181989721 composite?
True
Is 311933627 composite?
True
Is 162070859 a composite number?
False
Is 7116128471 composite?
True
Is 6258007669 composite?
False
Is 22441557529 prime?
True
Is 13908855581 a prime number?
True
Is 5495030447 prime?
True
Is 2025675227 a composite number?
True
Is 2441780123 composite?
True
Is 60635789807 composite?
False
Is 2101352387 a prime number?
False
Is 7583701673 a prime number?
True
Is 32989710629 prime?
False
Is 947126923 a prime number?
True
Is 5842289261 a composite number?
False
Is 442359887 prime?
True
Is 23905489105 a prime number?
False
